{"id":533,"date":"2020-09-16T08:25:09","date_gmt":"2020-09-16T11:25:09","guid":{"rendered":"https:\/\/www.churrascariadodarci.com.br\/index.php\/about-us\/"},"modified":"2020-09-16T08:25:09","modified_gmt":"2020-09-16T11:25:09","slug":"sobre","status":"publish","type":"page","link":"https:\/\/www.churrascariadodarci.com.br\/index.php\/sobre\/","title":{"rendered":"Sobre"},"content":{"rendered":"\r\n<div class=\"wp-block-cover alignfull is-light\" style=\"min-height:680px;aspect-ratio:unset;\"><span aria-hidden=\"true\" class=\"wp-block-cover__background has-ast-global-color-6-background-color has-background-dim-20 has-background-dim\"><\/span><img decoding=\"async\" class=\"wp-block-cover__image-background wp-image-782\" alt=\"\" src=\"https:\/\/www.churrascariadodarci.com.br\/wp-content\/uploads\/2021\/10\/historia-scaled.jpg\" style=\"object-position:69% 80%\" data-object-fit=\"cover\" data-object-position=\"69% 80%\"\/><div class=\"wp-block-cover__inner-container is-layout-flow wp-block-cover-is-layout-flow\">\r\n<p class=\"has-text-align-center has-large-font-size\"><\/p>\r\n<\/div><\/div>\r\n\r\n\r\n\r\n<div class=\"wp-block-group alignfull has-ast-global-color-4-background-color has-background is-layout-flow wp-block-group-is-layout-flow\">\r\n<div class=\"wp-block-columns are-vertically-aligned-center is-layout-flex wp-container-core-columns-is-layout-28f84493 wp-block-columns-is-layout-flex\">\r\n<div class=\"wp-block-column is-vertically-aligned-center is-layout-flow wp-block-column-is-layout-flow\">\r\n<p><\/p>\r\n\r\n\r\n\r\n<p>NOSSA HIST\u00d3RIA<\/p>\r\n\r\n\r\n\r\n<p>Em 1970, j\u00e1 casado com&nbsp;<strong>Therezinha Bonatto<\/strong>, resolveu abrir junto a sua resid\u00eancia um Armaz\u00e9m, uma vez que n\u00e3o havia nenhum mercado na redondeza para suprir a vizinhan\u00e7a. Para ajudar o or\u00e7amento familiar, come\u00e7ou a fazer churrasco nos fundos de sua casa.Nascido em 1932 neste mesmo bairro, Bom Retiro,&nbsp;<strong>Odarci Bonatto<\/strong>&nbsp;iniciou sua vida profissional como Carpinteiro. Depois, passou a trabalhar como cobrador da loja Hermes Macedo e posteriormente abriu um bar e lanchonete na pra\u00e7a 19 de Dezembro.<\/p>\r\n\r\n\r\n\r\n<p>Desta forma, foi iniciado o&nbsp;<strong><em>Armaz\u00e9m e Churrascaria do Darci<\/em><\/strong>. Seu Darci, como \u00e9 conhecido, sua esposa e filhos sempre trabalharam juntos para oferecer um atendimento de qualidade com um toque caseiro para que seus clientes sintam-se em suas pr\u00f3prias casas.<\/p>\r\n\r\n\r\n\r\n<p>Desde a d\u00e9cada de 70, at\u00e9 hoje, todos os pratos s\u00e3o elaborados na pr\u00f3pria churrascaria, desde o corte especial de nossas carnes at\u00e9 a prepara\u00e7\u00e3o de nossas deliciosas sobremesas. Em quatro d\u00e9cadas de trabalho, juntamente com nossa equipe de funcion\u00e1rio, mantemos o mesmo carinho, cuidado e simplicidade na prepara\u00e7\u00e3o dos alimentos e atendimento aos nossos clientes.<\/p>\r\n\r\n\r\n\r\n<p><\/p>\r\n<\/div>\r\n\r\n\r\n\r\n<div class=\"wp-block-column is-vertically-aligned-center is-layout-flow wp-block-column-is-layout-flow\">\r\n<div class=\"wp-block-cover is-light\"><span aria-hidden=\"true\" class=\"wp-block-cover__background has-ast-global-color-6-background-color has-background-dim-0 has-background-dim\"><\/span><img decoding=\"async\" class=\"wp-block-cover__image-background wp-image-774\" alt=\"\" src=\"https:\/\/www.churrascariadodarci.com.br\/wp-content\/uploads\/2021\/10\/10x15_g.jpg\" data-object-fit=\"cover\"\/><div class=\"wp-block-cover__inner-container is-layout-flow wp-block-cover-is-layout-flow\">\r\n<p class=\"has-text-align-center has-large-font-size\"><\/p>\r\n<\/div><\/div>\r\n<\/div>\r\n<\/div>\r\n<\/div>\r\n","protected":false},"excerpt":{"rendered":"<p>NOSSA HIST\u00d3RIA Em 1970, j\u00e1 casado com&nbsp;Therezinha Bonatto, resolveu abrir junto a sua resid\u00eancia um Armaz\u00e9m, uma vez que n\u00e3o havia nenhum mercado na redondeza para suprir a vizinhan\u00e7a. Para ajudar o or\u00e7amento familiar, come\u00e7ou a fazer churrasco nos fundos de sua casa.Nascido em 1932 neste mesmo bairro, Bom Retiro,&nbsp;Odarci Bonatto&nbsp;iniciou sua vida profissional como [&hellip;]<\/p>\n","protected":false},"author":1,"featured_media":0,"parent":0,"menu_order":0,"comment_status":"closed","ping_status":"closed","template":"","meta":{"site-sidebar-layout":"no-sidebar","site-content-layout":"plain-container","ast-site-content-layout":"default","site-content-style":"default","site-sidebar-style":"default","ast-global-header-display":"","ast-banner-title-visibility":"","ast-main-header-display":"","ast-hfb-above-header-display":"","ast-hfb-below-header-display":"","ast-hfb-mobile-header-display":"","site-post-title":"disabled","ast-breadcrumbs-content":"","ast-featured-img":"disabled","footer-sml-layout":"","ast-disable-related-posts":"","theme-transparent-header-meta":"default","adv-header-id-meta":"","stick-header-meta":"","header-above-stick-meta":"","header-main-stick-meta":"","header-below-stick-meta":"","astra-migrate-meta-layouts":"default","ast-page-background-enabled":"default","ast-page-background-meta":{"desktop":{"background-color":"var(--ast-global-color-4)","background-image":"","background-repeat":"repeat","background-position":"center center","background-size":"auto","background-attachment":"scroll","background-type":"","background-media":"","overlay-type":"","overlay-color":"","overlay-opacity":"","overlay-gradient":""},"tablet":{"background-color":"","background-image":"","background-repeat":"repeat","background-position":"center center","background-size":"auto","background-attachment":"scroll","background-type":"","background-media":"","overlay-type":"","overlay-color":"","overlay-opacity":"","overlay-gradient":""},"mobile":{"background-color":"","background-image":"","background-repeat":"repeat","background-position":"center center","background-size":"auto","background-attachment":"scroll","background-type":"","background-media":"","overlay-type":"","overlay-color":"","overlay-opacity":"","overlay-gradient":""}},"ast-content-background-meta":{"desktop":{"background-color":"var(--ast-global-color-5)","background-image":"","background-repeat":"repeat","background-position":"center center","background-size":"auto","background-attachment":"scroll","background-type":"","background-media":"","overlay-type":"","overlay-color":"","overlay-opacity":"","overlay-gradient":""},"tablet":{"background-color":"var(--ast-global-color-5)","background-image":"","background-repeat":"repeat","background-position":"center center","background-size":"auto","background-attachment":"scroll","background-type":"","background-media":"","overlay-type":"","overlay-color":"","overlay-opacity":"","overlay-gradient":""},"mobile":{"background-color":"var(--ast-global-color-5)","background-image":"","background-repeat":"repeat","background-position":"center center","background-size":"auto","background-attachment":"scroll","background-type":"","background-media":"","overlay-type":"","overlay-color":"","overlay-opacity":"","overlay-gradient":""}},"footnotes":""},"class_list":["post-533","page","type-page","status-publish","hentry"],"_links":{"self":[{"href":"https:\/\/www.churrascariadodarci.com.br\/index.php\/wp-json\/wp\/v2\/pages\/533","targetHints":{"allow":["GET"]}}],"collection":[{"href":"https:\/\/www.churrascariadodarci.com.br\/index.php\/wp-json\/wp\/v2\/pages"}],"about":[{"href":"https:\/\/www.churrascariadodarci.com.br\/index.php\/wp-json\/wp\/v2\/types\/page"}],"author":[{"embeddable":true,"href":"https:\/\/www.churrascariadodarci.com.br\/index.php\/wp-json\/wp\/v2\/users\/1"}],"replies":[{"embeddable":true,"href":"https:\/\/www.churrascariadodarci.com.br\/index.php\/wp-json\/wp\/v2\/comments?post=533"}],"version-history":[{"count":0,"href":"https:\/\/www.churrascariadodarci.com.br\/index.php\/wp-json\/wp\/v2\/pages\/533\/revisions"}],"wp:attachment":[{"href":"https:\/\/www.churrascariadodarci.com.br\/index.php\/wp-json\/wp\/v2\/media?parent=533"}],"curies":[{"name":"wp","href":"https:\/\/api.w.org\/{rel}","templated":true}]}}

<div class="wp-block-cover alignfull is-light" style="min-height:680px;aspect-ratio:unset;"><span aria-hidden="true" class="wp-block-cover__background has-ast-global-color-6-background-color has-background-dim-20 has-background-dim"></span><img decoding="async" class="wp-block-cover__image-background wp-image-782" alt="" src="https://www.churrascariadodarci.com.br/wp-content/uploads/2021/10/historia-scaled.jpg" style="object-position:69% 80%" data-object-fit="cover" data-object-position="69% 80%"/><div class="wp-block-cover__inner-container is-layout-flow wp-block-cover-is-layout-flow">
<p class="has-text-align-center has-large-font-size"></p>
</div></div>



<div class="wp-block-group alignfull has-ast-global-color-4-background-color has-background is-layout-flow wp-block-group-is-layout-flow">
<div class="wp-block-columns are-vertically-aligned-center is-layout-flex wp-container-core-columns-is-layout-28f84493 wp-block-columns-is-layout-flex">
<div class="wp-block-column is-vertically-aligned-center is-layout-flow wp-block-column-is-layout-flow">
<p></p>



<p>NOSSA HISTÓRIA</p>



<p>Em 1970, já casado com&nbsp;<strong>Therezinha Bonatto</strong>, resolveu abrir junto a sua residência um Armazém, uma vez que não havia nenhum mercado na redondeza para suprir a vizinhança. Para ajudar o orçamento familiar, começou a fazer churrasco nos fundos de sua casa.Nascido em 1932 neste mesmo bairro, Bom Retiro,&nbsp;<strong>Odarci Bonatto</strong>&nbsp;iniciou sua vida profissional como Carpinteiro. Depois, passou a trabalhar como cobrador da loja Hermes Macedo e posteriormente abriu um bar e lanchonete na praça 19 de Dezembro.</p>



<p>Desta forma, foi iniciado o&nbsp;<strong><em>Armazém e Churrascaria do Darci</em></strong>. Seu Darci, como é conhecido, sua esposa e filhos sempre trabalharam juntos para oferecer um atendimento de qualidade com um toque caseiro para que seus clientes sintam-se em suas próprias casas.</p>



<p>Desde a década de 70, até hoje, todos os pratos são elaborados na própria churrascaria, desde o corte especial de nossas carnes até a preparação de nossas deliciosas sobremesas. Em quatro décadas de trabalho, juntamente com nossa equipe de funcionário, mantemos o mesmo carinho, cuidado e simplicidade na preparação dos alimentos e atendimento aos nossos clientes.</p>



<p></p>
</div>



<div class="wp-block-column is-vertically-aligned-center is-layout-flow wp-block-column-is-layout-flow">
<div class="wp-block-cover is-light"><span aria-hidden="true" class="wp-block-cover__background has-ast-global-color-6-background-color has-background-dim-0 has-background-dim"></span><img decoding="async" class="wp-block-cover__image-background wp-image-774" alt="" src="https://www.churrascariadodarci.com.br/wp-content/uploads/2021/10/10x15_g.jpg" data-object-fit="cover"/><div class="wp-block-cover__inner-container is-layout-flow wp-block-cover-is-layout-flow">
<p class="has-text-align-center has-large-font-size"></p>
</div></div>
</div>
</div>
</div>

<p>NOSSA HISTÓRIA Em 1970, já casado com&nbsp;Therezinha Bonatto, resolveu abrir junto a sua residência um Armazém, uma vez que não havia nenhum mercado na redondeza para suprir a vizinhança. Para ajudar o orçamento familiar, começou a fazer churrasco nos fundos de sua casa.Nascido em 1932 neste mesmo bairro, Bom Retiro,&nbsp;Odarci Bonatto&nbsp;iniciou sua vida profissional como [&hellip;]</p>
